{"id":21,"date":"2016-04-08T10:59:25","date_gmt":"2016-04-08T08:59:25","guid":{"rendered":"http:\/\/www.astronomieschule.de\/museum\/?page_id=21"},"modified":"2016-05-20T12:12:47","modified_gmt":"2016-05-20T10:12:47","slug":"raumfahrt","status":"publish","type":"page","link":"https:\/\/www.astronomieschule.de\/museum\/raumfahrt\/","title":{"rendered":"Raumfahrt"},"content":{"rendered":"<p>Wir zeigen die Geschichte der Raumfahrt von den Anf\u00e4ngen bis heute in zahlreichen Modellen. Angefangen von den ersten Versuchen mit Raketen bis heute.<br \/>\n<img loading=\"lazy\" class=\"alignnone wp-image-68 size-large\" src=\"https:\/\/www.astronomieschule.de\/museum\/wp-content\/uploads\/2016\/04\/V2aufTransporter-1024x768.jpg\" alt=\"V2aufTransporter\" width=\"840\" height=\"630\" srcset=\"https:\/\/www.astronomieschule.de\/museum\/wp-content\/uploads\/2016\/04\/V2aufTransporter-1024x768.jpg 1024w, https:\/\/www.astronomieschule.de\/museum\/wp-content\/uploads\/2016\/04\/V2aufTransporter-300x225.jpg 300w, https:\/\/www.astronomieschule.de\/museum\/wp-content\/uploads\/2016\/04\/V2aufTransporter-768x576.jpg 768w, https:\/\/www.astronomieschule.de\/museum\/wp-content\/uploads\/2016\/04\/V2aufTransporter-1200x900.jpg 1200w\" sizes=\"(max-width: 840px) 100vw, 840px\" \/><\/p>\n<p>Wir erz\u00e4hlen von den spannendsten Weltraummissionen.<\/p>\n<p><img loading=\"lazy\" class=\"alignnone wp-image-70 size-large\" src=\"https:\/\/www.astronomieschule.de\/museum\/wp-content\/uploads\/2016\/04\/Forschungaufdem-Mars-1024x768.jpg\" alt=\"Forschungaufdem Mars\" width=\"840\" height=\"630\" srcset=\"https:\/\/www.astronomieschule.de\/museum\/wp-content\/uploads\/2016\/04\/Forschungaufdem-Mars-1024x768.jpg 1024w, https:\/\/www.astronomieschule.de\/museum\/wp-content\/uploads\/2016\/04\/Forschungaufdem-Mars-300x225.jpg 300w, https:\/\/www.astronomieschule.de\/museum\/wp-content\/uploads\/2016\/04\/Forschungaufdem-Mars-768x576.jpg 768w, https:\/\/www.astronomieschule.de\/museum\/wp-content\/uploads\/2016\/04\/Forschungaufdem-Mars-1200x900.jpg 1200w\" sizes=\"(max-width: 840px) 100vw, 840px\" \/><\/p>\n<p>Wir nehmen Sie mit auf eine Reise in eine m\u00f6gliche Zukunft der Raumfahrt.<\/p>\n<p><img loading=\"lazy\" class=\"alignnone wp-image-69 size-large\" src=\"https:\/\/www.astronomieschule.de\/museum\/wp-content\/uploads\/2016\/04\/CIMG1484-1024x768.jpg\" alt=\"CIMG1484\" width=\"840\" height=\"630\" srcset=\"https:\/\/www.astronomieschule.de\/museum\/wp-content\/uploads\/2016\/04\/CIMG1484-1024x768.jpg 1024w, https:\/\/www.astronomieschule.de\/museum\/wp-content\/uploads\/2016\/04\/CIMG1484-300x225.jpg 300w, https:\/\/www.astronomieschule.de\/museum\/wp-content\/uploads\/2016\/04\/CIMG1484-768x576.jpg 768w, https:\/\/www.astronomieschule.de\/museum\/wp-content\/uploads\/2016\/04\/CIMG1484-1200x900.jpg 1200w\" sizes=\"(max-width: 840px) 100vw, 840px\" \/><\/p>\n<p>Besuch nach Vereinbarung m\u00f6glich.<br \/>\nEintritt: Erwachsene 6 Euro, Kinder bis 14 Jahre 3 Euro.<\/p>\n","protected":false},"excerpt":{"rendered":"<p>Wir zeigen die Geschichte der Raumfahrt von den Anf\u00e4ngen bis heute in zahlreichen Modellen. Angefangen von den ersten Versuchen mit Raketen bis heute. Wir erz\u00e4hlen von den spannendsten Weltraummissionen. Wir nehmen Sie mit auf eine Reise in eine m\u00f6gliche Zukunft der Raumfahrt. Besuch nach Vereinbarung m\u00f6glich. Eintritt: Erwachsene 6 Euro, Kinder bis 14 Jahre 3 [&hellip;]<\/p>\n","protected":false},"author":1,"featured_media":0,"parent":0,"menu_order":0,"comment_status":"closed","ping_status":"closed","template":"","meta":{"_genesis_hide_title":false,"_genesis_hide_breadcrumbs":false,"_genesis_hide_singular_image":false,"_genesis_hide_footer_widgets":false,"_genesis_custom_body_class":"","_genesis_custom_post_class":"","_genesis_layout":""},"_links":{"self":[{"href":"https:\/\/www.astronomieschule.de\/museum\/wp-json\/wp\/v2\/pages\/21"}],"collection":[{"href":"https:\/\/www.astronomieschule.de\/museum\/wp-json\/wp\/v2\/pages"}],"about":[{"href":"https:\/\/www.astronomieschule.de\/museum\/wp-json\/wp\/v2\/types\/page"}],"author":[{"embeddable":true,"href":"https:\/\/www.astronomieschule.de\/museum\/wp-json\/wp\/v2\/users\/1"}],"replies":[{"embeddable":true,"href":"https:\/\/www.astronomieschule.de\/museum\/wp-json\/wp\/v2\/comments?post=21"}],"version-history":[{"count":4,"href":"https:\/\/www.astronomieschule.de\/museum\/wp-json\/wp\/v2\/pages\/21\/revisions"}],"predecessor-version":[{"id":72,"href":"https:\/\/www.astronomieschule.de\/museum\/wp-json\/wp\/v2\/pages\/21\/revisions\/72"}],"wp:attachment":[{"href":"https:\/\/www.astronomieschule.de\/museum\/wp-json\/wp\/v2\/media?parent=21"}],"curies":[{"name":"wp","href":"https:\/\/api.w.org\/{rel}","templated":true}]}}