{"id":213,"date":"2020-07-01T10:22:29","date_gmt":"2020-07-01T08:22:29","guid":{"rendered":"http:\/\/www.astronomieschule.de\/museum\/?page_id=213"},"modified":"2020-07-09T12:43:25","modified_gmt":"2020-07-09T10:43:25","slug":"apollo-saturn-v","status":"publish","type":"page","link":"https:\/\/www.astronomieschule.de\/museum\/lego-in-space\/apollo-saturn-v\/","title":{"rendered":"Apollo Saturn V"},"content":{"rendered":"\n<div class=\"wp-block-image\"><figure class=\"aligncenter\"><img loading=\"lazy\" width=\"1024\" height=\"221\" src=\"https:\/\/www.astronomieschule.de\/museum\/wp-content\/uploads\/2020\/07\/image-1024x221.jpeg\" alt=\"\" class=\"wp-image-214\" srcset=\"https:\/\/www.astronomieschule.de\/museum\/wp-content\/uploads\/2020\/07\/image-1024x221.jpeg 1024w, https:\/\/www.astronomieschule.de\/museum\/wp-content\/uploads\/2020\/07\/image-300x65.jpeg 300w, https:\/\/www.astronomieschule.de\/museum\/wp-content\/uploads\/2020\/07\/image-768x166.jpeg 768w\" sizes=\"(max-width: 1024px) 100vw, 1024px\" \/><figcaption> <br><strong>Lego Ideas Set, 2017<\/strong>  <br><strong>Modell der Saturn V Rakete der Apollo Mondmissionen im Ma\u00dfstab 1:110. Das Set beinhaltet die Mondf\u00e4hre und ein Diorama der Mondlandung mit kleinen Astronauten, sowie ein Diorama der Wasserung der Apollokapsel.<\/strong> <\/figcaption><\/figure><\/div>\n\n\n\n<p>Die Saturn V Rakete ist die gr\u00f6\u00dfte und leistungsst\u00e4rkste Rakete, die jemals entwickelt wurde. Die Rakete bestand aus drei Stufen, hatte eine Gesamth\u00f6he von gut 110 Metern und ein Startgewicht von fast 3.000 Tonnen und brachte ein Nutzlast von etwa 45 Tonnen (Comand- und Servicemodule sowie Mondlandef\u00e4hre) ins All.<br>Die erste Stufe, die den gr\u00f6\u00dften Teil der Rakete einnahm, brachte die Rakete vom Erdboden weg. Die zweite Stufe z\u00fcndete etwa 3 Minuten nach dem Start und brachte das Raumschiff in die Erdumlaufbahn. Die dritte Stufe mit dem Apolloraumschiff an der Spitze und der Mondlandef\u00e4hre im Bauch, brachte die Apollo Astronauten aus der Erdumlaufbahn in Richtung Mond. Auf der dritten Stufe befand sich ein Frachtteil in dem die Mondlandef\u00e4hre montiert war und auf dem das Kommando- und Servicemodul sa\u00df. Die Spitze der Rakete in der Startaufstellung bestand aus der Rettungsrakete, die in einem Notfall w\u00e4hrend des Starts das Kommandomodul von der Saturn V wegrei\u00dfen sollte.<\/p>\n\n\n\n<figure class=\"wp-block-image\"><img loading=\"lazy\" width=\"1024\" height=\"438\" src=\"https:\/\/www.astronomieschule.de\/museum\/wp-content\/uploads\/2020\/07\/LegoinSpace-57-von-22-1024x438.jpg\" alt=\"\" class=\"wp-image-263\" srcset=\"https:\/\/www.astronomieschule.de\/museum\/wp-content\/uploads\/2020\/07\/LegoinSpace-57-von-22-1024x438.jpg 1024w, https:\/\/www.astronomieschule.de\/museum\/wp-content\/uploads\/2020\/07\/LegoinSpace-57-von-22-300x128.jpg 300w, https:\/\/www.astronomieschule.de\/museum\/wp-content\/uploads\/2020\/07\/LegoinSpace-57-von-22-768x329.jpg 768w\" sizes=\"(max-width: 1024px) 100vw, 1024px\" \/><figcaption>Erste Stufe der Saturn V Rakete S IC.<\/figcaption><\/figure>\n\n\n\n<p>Die erste Stufe der Saturn V Rakete bestand aus 5 gro\u00dfen Triebwerken mit der Bezeichnung F1. Beim Start gez\u00fcndet erzeugten die 5 Triebwerke einen Schub von beinahe 34.000 kN. Die Triebwerke beschleunigten die Rakete auf eine Geschwindigkeit von 9200 km\/h und auf eine H\u00f6he von 68 Kilometern. Nach dem Ausbrennen der ersten Stufe wurde die abgetrennt und die zweite Stufe gez\u00fcndet.<\/p>\n\n\n\n<figure class=\"wp-block-image\"><img loading=\"lazy\" width=\"1024\" height=\"768\" src=\"https:\/\/www.astronomieschule.de\/museum\/wp-content\/uploads\/2020\/07\/LegoinSpace-63-von-22-1024x768.jpg\" alt=\"\" class=\"wp-image-269\" srcset=\"https:\/\/www.astronomieschule.de\/museum\/wp-content\/uploads\/2020\/07\/LegoinSpace-63-von-22-1024x768.jpg 1024w, https:\/\/www.astronomieschule.de\/museum\/wp-content\/uploads\/2020\/07\/LegoinSpace-63-von-22-300x225.jpg 300w, https:\/\/www.astronomieschule.de\/museum\/wp-content\/uploads\/2020\/07\/LegoinSpace-63-von-22-768x576.jpg 768w\" sizes=\"(max-width: 1024px) 100vw, 1024px\" \/><figcaption>Die gewaltigen F1 Triebwerke der ersten Stufe.<\/figcaption><\/figure>\n\n\n\n<figure class=\"wp-block-image\"><img loading=\"lazy\" width=\"1024\" height=\"530\" src=\"https:\/\/www.astronomieschule.de\/museum\/wp-content\/uploads\/2020\/07\/LegoinSpace-58-von-22-1024x530.jpg\" alt=\"\" class=\"wp-image-264\" srcset=\"https:\/\/www.astronomieschule.de\/museum\/wp-content\/uploads\/2020\/07\/LegoinSpace-58-von-22-1024x530.jpg 1024w, https:\/\/www.astronomieschule.de\/museum\/wp-content\/uploads\/2020\/07\/LegoinSpace-58-von-22-300x155.jpg 300w, https:\/\/www.astronomieschule.de\/museum\/wp-content\/uploads\/2020\/07\/LegoinSpace-58-von-22-768x397.jpg 768w\" sizes=\"(max-width: 1024px) 100vw, 1024px\" \/><figcaption>Zweite Stufe der Saturn V Rakete S-11<\/figcaption><\/figure>\n\n\n\n<p>Die zweite Stufe z\u00fcndete, nachdem die erste Stufe abgetrennt wurde und auch die Rettungsrakete abgetrennt war. Bei einer Brenndauer von gut 6,5 Minuten beschleunigte sie das Raumschiff auf eine Geschwindigkeit von 24.600 km\/h und brachte es auf eine H\u00f6he von 175 Kilometern. Nach dem Ausbrennen wurde auch sie abgetrennt.<\/p>\n\n\n\n<figure class=\"wp-block-image\"><img loading=\"lazy\" width=\"1024\" height=\"324\" src=\"https:\/\/www.astronomieschule.de\/museum\/wp-content\/uploads\/2020\/07\/LegoinSpace-59-von-22-1024x324.jpg\" alt=\"\" class=\"wp-image-265\" srcset=\"https:\/\/www.astronomieschule.de\/museum\/wp-content\/uploads\/2020\/07\/LegoinSpace-59-von-22-1024x324.jpg 1024w, https:\/\/www.astronomieschule.de\/museum\/wp-content\/uploads\/2020\/07\/LegoinSpace-59-von-22-300x95.jpg 300w, https:\/\/www.astronomieschule.de\/museum\/wp-content\/uploads\/2020\/07\/LegoinSpace-59-von-22-768x243.jpg 768w\" sizes=\"(max-width: 1024px) 100vw, 1024px\" \/><figcaption> Dritte Stufe der Saturn V Rakete S-IVB mit Ladebucht f\u00fcr dem Mondlander und dem Kommando- und Servicemodul, sowie Rettungsrakete. <\/figcaption><\/figure>\n\n\n\n<p>Die dritte Stufe wurde gez\u00fcndet, nach dem die ausgebrannte zweite Stufe abgtrennt war. Sie wurde zun\u00e4chst f\u00fcr 165 Sekunden gez\u00fcndet und brachte das Raumschiff auf einen Erdorbit von 190 Kilometern H\u00f6he und einer Geschwindigkeit von 28.000 km\/h. <br>Eine zweite Z\u00fcndung der zweite Stufe erfolgte etwa nach eineinhalb Erdumkreisungen. Damit wurde das Raumschiff in eine Transferbahn zum Mond gebracht. Das Schiff wurde auf eine Geschwindigkeit von 37.000 km\/h beschleunigt. Nach dem Ausbrennen der dritten Stufe wurde zun\u00e4chst das CSM (Kommando- und Sercicemodul) abgetrennt und um 180\u00b0 gedreht die Schutzh\u00fclle der Ladebucht wurde entfernt und so die Mondlandef\u00e4hre freigegeben. Das CSM dockte an der Landef\u00e4hre und zog es aus der Bucht. Nach einer weiteren Drehung des Gespanns um 180\u00b0 erfolgte der weitere Flug zum Mond.  <\/p>\n\n\n\n<figure class=\"wp-block-image\"><img loading=\"lazy\" width=\"1024\" height=\"768\" src=\"https:\/\/www.astronomieschule.de\/museum\/wp-content\/uploads\/2020\/07\/LegoinSpace-60-von-22-1024x768.jpg\" alt=\"\" class=\"wp-image-266\" srcset=\"https:\/\/www.astronomieschule.de\/museum\/wp-content\/uploads\/2020\/07\/LegoinSpace-60-von-22-1024x768.jpg 1024w, https:\/\/www.astronomieschule.de\/museum\/wp-content\/uploads\/2020\/07\/LegoinSpace-60-von-22-300x225.jpg 300w, https:\/\/www.astronomieschule.de\/museum\/wp-content\/uploads\/2020\/07\/LegoinSpace-60-von-22-768x576.jpg 768w\" sizes=\"(max-width: 1024px) 100vw, 1024px\" \/><figcaption>Landungs auf dem Mond<\/figcaption><\/figure>\n\n\n\n<p>Am Mond angekommen, drehte das Gespann aus CSM und LM (Lunarmodul &#8211; Mondlandef\u00e4hre) um 180\u00b0 und das Haupttriebwerk z\u00fcndete und bremste das Raumschiff soweit ab, das es in einem Mondorbit eintauchte. Zwei Astronauten stiegen in das LM um und begannen des Abstieg zur Mondoberfl\u00e4che und landeten schlie\u00dflich im vorgesehenen Landegebiet. Nach dem Abschluss der Forschungsmission auf dem Mond, kehrten die beiden Astronauten in der R\u00fcckkehrstufe des LM in den Mondorbit zur\u00fcck, koppelten wieder am CSM an und stiegen um. Das Oberteil der LM wurde abgetrennt und viel zur\u00fcck auf dem Mond. Das CSM z\u00fcndete das Haupttriebwerk und brachte das Raumschiff zur\u00fcck zur Erde. <\/p>\n\n\n\n<figure class=\"wp-block-image\"><img loading=\"lazy\" width=\"1024\" height=\"768\" src=\"https:\/\/www.astronomieschule.de\/museum\/wp-content\/uploads\/2020\/07\/LegoinSpace-62-von-22-1024x768.jpg\" alt=\"\" class=\"wp-image-268\" srcset=\"https:\/\/www.astronomieschule.de\/museum\/wp-content\/uploads\/2020\/07\/LegoinSpace-62-von-22-1024x768.jpg 1024w, https:\/\/www.astronomieschule.de\/museum\/wp-content\/uploads\/2020\/07\/LegoinSpace-62-von-22-300x225.jpg 300w, https:\/\/www.astronomieschule.de\/museum\/wp-content\/uploads\/2020\/07\/LegoinSpace-62-von-22-768x576.jpg 768w\" sizes=\"(max-width: 1024px) 100vw, 1024px\" \/><figcaption>Wasserung der Apollo Kommandokapsel<\/figcaption><\/figure>\n\n\n\n<p>Kurz vor dem Eitritt in die Erdatmosph\u00e4re wurde das Kommandomodul von dem Servicemodul abgetrennt und flog mit dem Hitzeschild voraus in die Erdatmosph\u00e4re, die durch die Reibung an der Lufth\u00fclle das Schiff abbremste. Nach der kritischen Phase des Fluges durch die Erdatmosph\u00e4re \u00f6ffneten sich die Bremsfallschirme und verringerten die Geschwindigkeit der Kapsel weitere und sorgten so f\u00fcr eine sichere Landung im Meer. Nach der Wasserung \u00f6ffnete sich ein Luftkissen, dass die Kapsel aufrichtete. Per Hubschrauber und Taucher wurde die Astronauten geborgen und die Kapsel sp\u00e4ter auf ein Bergungsschiff gebracht. <\/p>\n\n\n\n<figure class=\"wp-block-image\"><img loading=\"lazy\" width=\"5072\" height=\"6992\" src=\"https:\/\/www.astronomieschule.de\/museum\/wp-content\/uploads\/2020\/07\/SCN_0001.jpg\" alt=\"\" class=\"wp-image-276\" srcset=\"https:\/\/www.astronomieschule.de\/museum\/wp-content\/uploads\/2020\/07\/SCN_0001.jpg 5072w, https:\/\/www.astronomieschule.de\/museum\/wp-content\/uploads\/2020\/07\/SCN_0001-218x300.jpg 218w\" sizes=\"(max-width: 5072px) 100vw, 5072px\" \/><\/figure>\n","protected":false},"excerpt":{"rendered":"<p>Die Saturn V Rakete ist die gr\u00f6\u00dfte und leistungsst\u00e4rkste Rakete, die jemals entwickelt wurde. Die Rakete bestand aus drei Stufen, hatte eine Gesamth\u00f6he von gut 110 Metern und ein Startgewicht von fast 3.000 Tonnen und brachte ein Nutzlast von etwa 45 Tonnen (Comand- und Servicemodule sowie Mondlandef\u00e4hre) ins All.Die erste Stufe, die den gr\u00f6\u00dften Teil [&hellip;]<\/p>\n","protected":false},"author":1,"featured_media":0,"parent":146,"menu_order":0,"comment_status":"closed","ping_status":"closed","template":"","meta":{"_genesis_hide_title":false,"_genesis_hide_breadcrumbs":false,"_genesis_hide_singular_image":false,"_genesis_hide_footer_widgets":false,"_genesis_custom_body_class":"","_genesis_custom_post_class":"","_genesis_layout":""},"_links":{"self":[{"href":"https:\/\/www.astronomieschule.de\/museum\/wp-json\/wp\/v2\/pages\/213"}],"collection":[{"href":"https:\/\/www.astronomieschule.de\/museum\/wp-json\/wp\/v2\/pages"}],"about":[{"href":"https:\/\/www.astronomieschule.de\/museum\/wp-json\/wp\/v2\/types\/page"}],"author":[{"embeddable":true,"href":"https:\/\/www.astronomieschule.de\/museum\/wp-json\/wp\/v2\/users\/1"}],"replies":[{"embeddable":true,"href":"https:\/\/www.astronomieschule.de\/museum\/wp-json\/wp\/v2\/comments?post=213"}],"version-history":[{"count":4,"href":"https:\/\/www.astronomieschule.de\/museum\/wp-json\/wp\/v2\/pages\/213\/revisions"}],"predecessor-version":[{"id":300,"href":"https:\/\/www.astronomieschule.de\/museum\/wp-json\/wp\/v2\/pages\/213\/revisions\/300"}],"up":[{"embeddable":true,"href":"https:\/\/www.astronomieschule.de\/museum\/wp-json\/wp\/v2\/pages\/146"}],"wp:attachment":[{"href":"https:\/\/www.astronomieschule.de\/museum\/wp-json\/wp\/v2\/media?parent=213"}],"curies":[{"name":"wp","href":"https:\/\/api.w.org\/{rel}","templated":true}]}}