{"id":23,"date":"2016-04-08T11:00:53","date_gmt":"2016-04-08T09:00:53","guid":{"rendered":"http:\/\/www.astronomieschule.de\/museum\/?page_id=23"},"modified":"2016-05-20T12:30:49","modified_gmt":"2016-05-20T10:30:49","slug":"miniplanetarium","status":"publish","type":"page","link":"https:\/\/www.astronomieschule.de\/museum\/miniplanetarium\/","title":{"rendered":"Miniplanetarium"},"content":{"rendered":"<p>Einmal im Monat, in der Regel am letzten Freitag, laden wir zu einer Vorschau des monatlichen Sternenhimmels in unser Miniplanetarium ein.<br \/>\nHier zeigen wir ihnen, welche Sternbilder und Planeten am Himmel zu sehen sind.<br \/>\n<img loading=\"lazy\" class=\"alignnone wp-image-74 size-large\" src=\"https:\/\/www.astronomieschule.de\/museum\/wp-content\/uploads\/2016\/04\/CIMG2429-1024x768.jpg\" alt=\"CIMG2429\" width=\"840\" height=\"630\" srcset=\"https:\/\/www.astronomieschule.de\/museum\/wp-content\/uploads\/2016\/04\/CIMG2429-1024x768.jpg 1024w, https:\/\/www.astronomieschule.de\/museum\/wp-content\/uploads\/2016\/04\/CIMG2429-300x225.jpg 300w, https:\/\/www.astronomieschule.de\/museum\/wp-content\/uploads\/2016\/04\/CIMG2429-768x576.jpg 768w, https:\/\/www.astronomieschule.de\/museum\/wp-content\/uploads\/2016\/04\/CIMG2429-1200x900.jpg 1200w\" sizes=\"(max-width: 840px) 100vw, 840px\" \/><\/p>\n<p>Bei sch\u00f6nem Wetter k\u00f6nnen Sie von unserer Gartensternwarte ausgew\u00e4hlte Objekte im Teleskop betrachten.<\/p>\n<p>Eintrittspreise: Erwachsene 6 Euro, Kinder bis 14 Jahre 3 Euro.<\/p>\n","protected":false},"excerpt":{"rendered":"<p>Einmal im Monat, in der Regel am letzten Freitag, laden wir zu einer Vorschau des monatlichen Sternenhimmels in unser Miniplanetarium ein. Hier zeigen wir ihnen, welche Sternbilder und Planeten am Himmel zu sehen sind. Bei sch\u00f6nem Wetter k\u00f6nnen Sie von unserer Gartensternwarte ausgew\u00e4hlte Objekte im Teleskop betrachten. Eintrittspreise: Erwachsene 6 Euro, Kinder bis 14 Jahre [&hellip;]<\/p>\n","protected":false},"author":1,"featured_media":0,"parent":0,"menu_order":0,"comment_status":"closed","ping_status":"closed","template":"","meta":{"_genesis_hide_title":false,"_genesis_hide_breadcrumbs":false,"_genesis_hide_singular_image":false,"_genesis_hide_footer_widgets":false,"_genesis_custom_body_class":"","_genesis_custom_post_class":"","_genesis_layout":""},"_links":{"self":[{"href":"https:\/\/www.astronomieschule.de\/museum\/wp-json\/wp\/v2\/pages\/23"}],"collection":[{"href":"https:\/\/www.astronomieschule.de\/museum\/wp-json\/wp\/v2\/pages"}],"about":[{"href":"https:\/\/www.astronomieschule.de\/museum\/wp-json\/wp\/v2\/types\/page"}],"author":[{"embeddable":true,"href":"https:\/\/www.astronomieschule.de\/museum\/wp-json\/wp\/v2\/users\/1"}],"replies":[{"embeddable":true,"href":"https:\/\/www.astronomieschule.de\/museum\/wp-json\/wp\/v2\/comments?post=23"}],"version-history":[{"count":3,"href":"https:\/\/www.astronomieschule.de\/museum\/wp-json\/wp\/v2\/pages\/23\/revisions"}],"predecessor-version":[{"id":77,"href":"https:\/\/www.astronomieschule.de\/museum\/wp-json\/wp\/v2\/pages\/23\/revisions\/77"}],"wp:attachment":[{"href":"https:\/\/www.astronomieschule.de\/museum\/wp-json\/wp\/v2\/media?parent=23"}],"curies":[{"name":"wp","href":"https:\/\/api.w.org\/{rel}","templated":true}]}}